Last updated on 2020-12-04 00:48:19 CET.
Flavor | Version | Tinstall | Tcheck | Ttotal | Status | Flags |
---|---|---|---|---|---|---|
r-devel-linux-x86_64-debian-clang | 1.0 | 5.88 | 47.76 | 53.64 | NOTE | |
r-devel-linux-x86_64-debian-gcc | 1.0 | 4.64 | 37.47 | 42.11 | NOTE | |
r-devel-linux-x86_64-fedora-clang | 1.0 | 69.26 | NOTE | |||
r-devel-linux-x86_64-fedora-gcc | 1.0 | 57.88 | NOTE | |||
r-devel-windows-ix86+x86_64 | 1.0 | 12.00 | 67.00 | 79.00 | NOTE | |
r-patched-linux-x86_64 | 1.0 | 5.85 | 45.68 | 51.53 | NOTE | |
r-patched-solaris-x86 | 1.0 | 90.00 | NOTE | |||
r-release-linux-x86_64 | 1.0 | 6.24 | 46.49 | 52.73 | NOTE | |
r-release-macos-x86_64 | 1.0 | NOTE | ||||
r-release-windows-ix86+x86_64 | 1.0 | 9.00 | 51.00 | 60.00 | NOTE | |
r-oldrel-macos-x86_64 | 1.0 | NOTE | ||||
r-oldrel-windows-ix86+x86_64 | 1.0 | 10.00 | 64.00 | 74.00 | NOTE |
Version: 1.0
Check: R code for possible problems
Result: NOTE
Cut: no visible global function definition for 'cor'
MissSimulation: no visible global function definition for 'rbinom'
cutoff: no visible global function definition for 'cor'
Undefined global functions or variables:
cor rbinom
Consider adding
importFrom("stats", "cor", "rbinom")
to your NAMESPACE file.
Flavors: r-devel-linux-x86_64-debian-clang, r-devel-linux-x86_64-debian-gcc, r-devel-linux-x86_64-fedora-clang, r-devel-linux-x86_64-fedora-gcc, r-devel-windows-ix86+x86_64, r-patched-linux-x86_64, r-patched-solaris-x86, r-release-linux-x86_64, r-release-macos-x86_64, r-release-windows-ix86+x86_64, r-oldrel-macos-x86_64, r-oldrel-windows-ix86+x86_64