CRAN Package Check Results for Package customsteps

Last updated on 2020-12-04 00:48:19 CET.

Flavor Version Tinstall Tcheck Ttotal Status Flags
r-devel-linux-x86_64-debian-clang 0.7.1.0 11.50 106.39 117.89 NOTE
r-devel-linux-x86_64-debian-gcc 0.7.1.0 9.73 79.69 89.42 NOTE
r-devel-linux-x86_64-fedora-clang 0.7.1.0 143.71 NOTE
r-devel-linux-x86_64-fedora-gcc 0.7.1.0 133.13 NOTE
r-devel-windows-ix86+x86_64 0.7.1.0 25.00 120.00 145.00 NOTE
r-patched-linux-x86_64 0.7.1.0 12.72 98.06 110.78 NOTE
r-patched-solaris-x86 0.7.1.0 199.00 NOTE
r-release-linux-x86_64 0.7.1.0 10.88 96.06 106.94 NOTE
r-release-macos-x86_64 0.7.1.0 NOTE
r-release-windows-ix86+x86_64 0.7.1.0 18.00 94.00 112.00 NOTE
r-oldrel-macos-x86_64 0.7.1.0 NOTE
r-oldrel-windows-ix86+x86_64 0.7.1.0 18.00 115.00 133.00 OK

Check Details

Version: 0.7.1.0
Check: package vignettes
Result: NOTE
    Package vignette with placeholder title 'Vignette Title':
     'customsteps.Rmd'
Flavors: r-devel-linux-x86_64-debian-clang, r-devel-linux-x86_64-debian-gcc, r-devel-windows-ix86+x86_64, r-patched-linux-x86_64, r-release-linux-x86_64, r-release-windows-ix86+x86_64

Version: 0.7.1.0
Check: dependencies in R code
Result: NOTE
    Namespaces in Imports field not imported from:
     ‘rlang’ ‘tidyselect’
     All declared Imports should be used.
Flavors: r-devel-linux-x86_64-fedora-clang, r-devel-linux-x86_64-fedora-gcc, r-patched-solaris-x86, r-release-macos-x86_64, r-oldrel-macos-x86_64