CRAN Package Check Results for Package cusp

Last updated on 2020-12-04 00:48:19 CET.

Flavor Version Tinstall Tcheck Ttotal Status Flags
r-devel-linux-x86_64-debian-clang 2.3.3 4.86 84.81 89.67 OK
r-devel-linux-x86_64-debian-gcc 2.3.3 4.09 63.50 67.59 OK
r-devel-linux-x86_64-fedora-clang 2.3.3 116.76 NOTE
r-devel-linux-x86_64-fedora-gcc 2.3.3 110.75 NOTE
r-devel-windows-ix86+x86_64 2.3.3 12.00 173.00 185.00 OK
r-patched-linux-x86_64 2.3.3 4.93 87.26 92.19 OK
r-patched-solaris-x86 2.3.3 155.10 OK
r-release-linux-x86_64 2.3.3 5.11 85.20 90.31 OK
r-release-macos-x86_64 2.3.3 OK
r-release-windows-ix86+x86_64 2.3.3 8.00 179.00 187.00 OK
r-oldrel-macos-x86_64 2.3.3 OK
r-oldrel-windows-ix86+x86_64 2.3.3 8.00 186.00 194.00 OK

Check Details

Version: 2.3.3
Check: compiled code
Result: NOTE
    File ‘cusp/libs/cusp.so’:
     Found no calls to: ‘R_registerRoutines’, ‘R_useDynamicSymbols’
    
    It is good practice to register native routines and to disable symbol
    search.
    
    See ‘Writing portable packages’ in the ‘Writing R Extensions’ manual.
Flavors: r-devel-linux-x86_64-fedora-clang, r-devel-linux-x86_64-fedora-gcc