Last updated on 2020-12-04 00:48:19 CET.
Flavor | Version | Tinstall | Tcheck | Ttotal | Status | Flags |
---|---|---|---|---|---|---|
r-devel-linux-x86_64-debian-clang | 2.0.4.1 | 68.92 | 217.02 | 285.94 | NOTE | |
r-devel-linux-x86_64-debian-gcc | 2.0.4.1 | 48.78 | 142.57 | 191.35 | NOTE | |
r-devel-linux-x86_64-fedora-clang | 2.0.4.1 | 368.22 | NOTE | |||
r-devel-linux-x86_64-fedora-gcc | 2.0.4.1 | 348.15 | NOTE | |||
r-devel-windows-ix86+x86_64 | 2.0.4.1 | 98.00 | 299.00 | 397.00 | WARN | |
r-patched-linux-x86_64 | 2.0.4.1 | 56.73 | 217.22 | 273.95 | NOTE | |
r-patched-solaris-x86 | 2.0.4.1 | 361.40 | NOTE | |||
r-release-linux-x86_64 | 2.0.4.1 | 60.25 | 215.66 | 275.91 | NOTE | |
r-release-macos-x86_64 | 2.0.4.1 | WARN | ||||
r-release-windows-ix86+x86_64 | 2.0.4.1 | 76.00 | 231.00 | 307.00 | WARN | |
r-oldrel-macos-x86_64 | 2.0.4.1 | NOTE | ||||
r-oldrel-windows-ix86+x86_64 | 2.0.4.1 | 94.00 | 291.00 | 385.00 | NOTE |
Version: 2.0.4.1
Check: for GNU extensions in Makefiles
Result: NOTE
GNU make is a SystemRequirements.
Flavors: r-devel-linux-x86_64-debian-clang, r-devel-linux-x86_64-debian-gcc, r-devel-linux-x86_64-fedora-clang, r-devel-linux-x86_64-fedora-gcc, r-devel-windows-ix86+x86_64, r-patched-linux-x86_64, r-patched-solaris-x86, r-release-linux-x86_64, r-release-macos-x86_64, r-release-windows-ix86+x86_64, r-oldrel-macos-x86_64, r-oldrel-windows-ix86+x86_64
Version: 2.0.4.1
Check: installed package size
Result: NOTE
installed size is 5.3Mb
sub-directories of 1Mb or more:
doc 1.3Mb
libs 3.8Mb
Flavors: r-devel-linux-x86_64-fedora-clang, r-devel-windows-ix86+x86_64, r-release-windows-ix86+x86_64, r-oldrel-windows-ix86+x86_64
Version: 2.0.4.1
Check: whether package can be installed
Result: WARN
Found the following significant warnings:
./src/common/Random.c:105:5: warning: 'memcpy' pointer overflow between offset 0 and size [4294967292, 2147483647] [-Warray-bounds]
./src/common/Random.c:105:5: warning: 'memcpy' pointer overflow between offset 0 and size [-4, 9223372036854775807] [-Warray-bounds]
Flavors: r-devel-windows-ix86+x86_64, r-release-windows-ix86+x86_64
Version: 2.0.4.1
Check: whether package can be installed
Result: WARN
Found the following significant warnings:
./src/common/Random.c:105:5: warning: ‘__builtin_memcpy’ pointer overflow between offset 0 and size [-4, 9223372036854775807] [-Warray-bounds]
Flavor: r-release-macos-x86_64