CRAN Package Check Results for Package csp

Last updated on 2020-12-04 00:48:19 CET.

Flavor Version Tinstall Tcheck Ttotal Status Flags
r-devel-linux-x86_64-debian-clang 0.1.0 115.92 177.83 293.75 OK
r-devel-linux-x86_64-debian-gcc 0.1.0 106.41 140.29 246.70 OK
r-devel-linux-x86_64-fedora-clang 0.1.0 404.48 NOTE
r-devel-linux-x86_64-fedora-gcc 0.1.0 396.24 NOTE
r-devel-windows-ix86+x86_64 0.1.0 220.00 226.00 446.00 NOTE
r-patched-linux-x86_64 0.1.0 120.98 171.14 292.12 OK
r-patched-solaris-x86 0.1.0 253.90 ERROR
r-release-linux-x86_64 0.1.0 117.02 177.26 294.28 OK
r-release-macos-x86_64 0.1.0 NOTE
r-release-windows-ix86+x86_64 0.1.0 172.00 178.00 350.00 NOTE
r-oldrel-macos-x86_64 0.1.0 NOTE
r-oldrel-windows-ix86+x86_64 0.1.0 192.00 223.00 415.00 NOTE

Check Details

Version: 0.1.0
Check: installed package size
Result: NOTE
     installed size is 11.0Mb
     sub-directories of 1Mb or more:
     data 10.9Mb
Flavors: r-devel-linux-x86_64-fedora-clang, r-devel-windows-ix86+x86_64, r-release-macos-x86_64, r-release-windows-ix86+x86_64, r-oldrel-macos-x86_64, r-oldrel-windows-ix86+x86_64

Version: 0.1.0
Check: data for non-ASCII characters
Result: NOTE
     Note: found 59670 marked Latin-1 strings
     Note: found 16 marked UTF-8 strings
Flavors: r-devel-linux-x86_64-fedora-clang, r-devel-linux-x86_64-fedora-gcc, r-release-macos-x86_64, r-oldrel-macos-x86_64

Version: 0.1.0
Check: whether package can be installed
Result: ERROR
    Installation failed.
Flavor: r-patched-solaris-x86