CRAN Package Check Results for Package crsra

Last updated on 2020-12-04 00:48:19 CET.

Flavor Version Tinstall Tcheck Ttotal Status Flags
r-devel-linux-x86_64-debian-clang 0.2.3 11.95 100.08 112.03 OK
r-devel-linux-x86_64-debian-gcc 0.2.3 8.55 75.01 83.56 OK
r-devel-linux-x86_64-fedora-clang 0.2.3 137.94 NOTE
r-devel-linux-x86_64-fedora-gcc 0.2.3 124.57 NOTE
r-devel-windows-ix86+x86_64 0.2.3 24.00 121.00 145.00 OK
r-patched-linux-x86_64 0.2.3 10.86 95.13 105.99 OK
r-patched-solaris-x86 0.2.3 186.10 NOTE
r-release-linux-x86_64 0.2.3 11.13 91.93 103.06 OK
r-release-macos-x86_64 0.2.3 NOTE
r-release-windows-ix86+x86_64 0.2.3 20.00 93.00 113.00 OK
r-oldrel-macos-x86_64 0.2.3 NOTE
r-oldrel-windows-ix86+x86_64 0.2.3 18.00 111.00 129.00 OK

Check Details

Version: 0.2.3
Check: data for non-ASCII characters
Result: NOTE
     Note: found 500 marked UTF-8 strings
Flavors: r-devel-linux-x86_64-fedora-clang, r-devel-linux-x86_64-fedora-gcc, r-patched-solaris-x86, r-release-macos-x86_64, r-oldrel-macos-x86_64