CRAN Package Check Results for Package crrstep

Last updated on 2020-12-04 00:48:19 CET.

Flavor Version Tinstall Tcheck Ttotal Status Flags
r-devel-linux-x86_64-debian-clang 2015-2.1 7.48 70.36 77.84 NOTE
r-devel-linux-x86_64-debian-gcc 2015-2.1 6.82 53.72 60.54 NOTE
r-devel-linux-x86_64-fedora-clang 2015-2.1 96.47 NOTE
r-devel-linux-x86_64-fedora-gcc 2015-2.1 90.06 NOTE
r-devel-windows-ix86+x86_64 2015-2.1 16.00 92.00 108.00 NOTE
r-patched-linux-x86_64 2015-2.1 7.04 66.26 73.30 NOTE
r-patched-solaris-x86 2015-2.1 136.20 NOTE
r-release-linux-x86_64 2015-2.1 7.50 65.05 72.55 NOTE
r-release-macos-x86_64 2015-2.1 NOTE
r-release-windows-ix86+x86_64 2015-2.1 14.00 91.00 105.00 NOTE
r-oldrel-macos-x86_64 2015-2.1 NOTE
r-oldrel-windows-ix86+x86_64 2015-2.1 12.00 83.00 95.00 NOTE

Check Details

Version: 2015-2.1
Check: R code for possible problems
Result: NOTE
    crrstep : crr.makecov1: no visible global function definition for
     'model.matrix'
    crrstep : crr.dropterm: no visible global function definition for
     'terms'
    crrstep : crr.dropterm: no visible global function definition for
     'as.formula'
    crrstep : crr.addterm: no visible global function definition for
     'terms'
    crrstep : crr.addterm: no visible global function definition for
     'as.formula'
    crrstep: no visible global function definition for 'as.formula'
    crrstep: no visible global function definition for 'terms'
    crrstep: no visible global function definition for 'model.frame'
    crrstep: no visible binding for global variable 'na.pass'
    crrstep: no visible global function definition for 'update'
    crrstep: no visible global function definition for 'drop.terms'
    Undefined global functions or variables:
     as.formula drop.terms model.frame model.matrix na.pass terms update
    Consider adding
     importFrom("stats", "as.formula", "drop.terms", "model.frame",
     "model.matrix", "na.pass", "terms", "update")
    to your NAMESPACE file.
Flavors: r-devel-linux-x86_64-debian-clang, r-devel-linux-x86_64-debian-gcc, r-devel-linux-x86_64-fedora-clang, r-devel-linux-x86_64-fedora-gcc, r-devel-windows-ix86+x86_64, r-patched-linux-x86_64, r-patched-solaris-x86, r-release-linux-x86_64, r-release-macos-x86_64, r-release-windows-ix86+x86_64, r-oldrel-macos-x86_64, r-oldrel-windows-ix86+x86_64