Last updated on 2020-12-04 00:48:19 CET.
Flavor | Version | Tinstall | Tcheck | Ttotal | Status | Flags |
---|---|---|---|---|---|---|
r-devel-linux-x86_64-debian-clang | 0.3.6 | 3.21 | 26.07 | 29.28 | OK | |
r-devel-linux-x86_64-debian-gcc | 0.3.6 | 3.08 | 22.31 | 25.39 | OK | |
r-devel-linux-x86_64-fedora-clang | 0.3.6 | 41.64 | NOTE | |||
r-devel-linux-x86_64-fedora-gcc | 0.3.6 | 31.48 | NOTE | |||
r-devel-windows-ix86+x86_64 | 0.3.6 | 7.00 | 41.00 | 48.00 | OK | |
r-patched-linux-x86_64 | 0.3.6 | 3.66 | 26.30 | 29.96 | OK | |
r-patched-solaris-x86 | 0.3.6 | 51.80 | NOTE | |||
r-release-linux-x86_64 | 0.3.6 | 3.55 | 24.42 | 27.97 | OK | |
r-release-macos-x86_64 | 0.3.6 | NOTE | ||||
r-release-windows-ix86+x86_64 | 0.3.6 | 6.00 | 30.00 | 36.00 | OK | |
r-oldrel-macos-x86_64 | 0.3.6 | NOTE | ||||
r-oldrel-windows-ix86+x86_64 | 0.3.6 | 4.00 | 38.00 | 42.00 | OK |
Version: 0.3.6
Check: dependencies in R code
Result: NOTE
Namespaces in Imports field not imported from:
‘R6’ ‘dplyr’ ‘r6extended’
All declared Imports should be used.
Flavors: r-devel-linux-x86_64-fedora-clang, r-devel-linux-x86_64-fedora-gcc, r-patched-solaris-x86, r-release-macos-x86_64, r-oldrel-macos-x86_64