CRAN Package Check Results for Package crossdes

Last updated on 2020-12-04 00:48:19 CET.

Flavor Version Tinstall Tcheck Ttotal Status Flags
r-devel-linux-x86_64-debian-clang 1.1-1 3.32 30.46 33.78 NOTE
r-devel-linux-x86_64-debian-gcc 1.1-1 2.47 23.80 26.27 NOTE
r-devel-linux-x86_64-fedora-clang 1.1-1 45.94 NOTE
r-devel-linux-x86_64-fedora-gcc 1.1-1 35.99 NOTE
r-devel-windows-ix86+x86_64 1.1-1 5.00 45.00 50.00 NOTE
r-patched-linux-x86_64 1.1-1 3.47 28.70 32.17 NOTE
r-patched-solaris-x86 1.1-1 55.90 NOTE
r-release-linux-x86_64 1.1-1 3.38 28.84 32.22 NOTE
r-release-macos-x86_64 1.1-1 NOTE
r-release-windows-ix86+x86_64 1.1-1 5.00 33.00 38.00 NOTE
r-oldrel-macos-x86_64 1.1-1 NOTE
r-oldrel-windows-ix86+x86_64 1.1-1 5.00 43.00 48.00 NOTE

Check Details

Version: 1.1-1
Check: R code for possible problems
Result: NOTE
    get.plan: no visible global function definition for 'menu'
    Undefined global functions or variables:
     menu
    Consider adding
     importFrom("utils", "menu")
    to your NAMESPACE file.
Flavors: r-devel-linux-x86_64-debian-clang, r-devel-linux-x86_64-debian-gcc, r-devel-linux-x86_64-fedora-clang, r-devel-linux-x86_64-fedora-gcc, r-devel-windows-ix86+x86_64, r-patched-linux-x86_64, r-patched-solaris-x86, r-release-linux-x86_64, r-release-macos-x86_64, r-release-windows-ix86+x86_64, r-oldrel-macos-x86_64, r-oldrel-windows-ix86+x86_64