Last updated on 2020-12-04 00:48:19 CET.
Flavor | Version | Tinstall | Tcheck | Ttotal | Status | Flags |
---|---|---|---|---|---|---|
r-devel-linux-x86_64-debian-clang | 0.7-9 | 23.87 | 134.43 | 158.30 | OK | |
r-devel-linux-x86_64-debian-gcc | 0.7-9 | 20.16 | 101.33 | 121.49 | OK | |
r-devel-linux-x86_64-fedora-clang | 0.7-9 | 193.55 | OK | |||
r-devel-linux-x86_64-fedora-gcc | 0.7-9 | 182.86 | OK | |||
r-devel-windows-ix86+x86_64 | 0.7-9 | 52.00 | 198.00 | 250.00 | OK | |
r-patched-linux-x86_64 | 0.7-9 | 21.06 | 125.80 | 146.86 | OK | |
r-patched-solaris-x86 | 0.7-9 | 261.60 | OK | |||
r-release-linux-x86_64 | 0.7-9 | 23.23 | 125.89 | 149.12 | OK | |
r-release-macos-x86_64 | 0.7-9 | OK | ||||
r-release-windows-ix86+x86_64 | 0.7-9 | 38.00 | 144.00 | 182.00 | OK | |
r-oldrel-macos-x86_64 | 0.7-9 | NOTE | ||||
r-oldrel-windows-ix86+x86_64 | 0.7-9 | 48.00 | 187.00 | 235.00 | OK |
Version: 0.7-9
Check: re-building of vignette outputs
Result: NOTE
Error(s) in re-building vignettes:
...
--- re-building ‘cplm.Rnw’ using Sweave
Loading required package: coda
Loading required package: Matrix
Loading required package: splines
Error: processing vignette 'cplm.Rnw' failed with diagnostics:
Running 'texi2dvi' on 'cplm.tex' failed.
LaTeX errors:
!pdfTeX error: pdflatex (file bbm10): Font bbm10 at 600 not found
==> Fatal error occurred, no output PDF file produced!
--- failed re-building ‘cplm.Rnw’
SUMMARY: processing the following file failed:
‘cplm.Rnw’
Error: Vignette re-building failed.
Execution halted
Flavor: r-oldrel-macos-x86_64