Last updated on 2020-12-04 00:48:19 CET.
Flavor | Version | Tinstall | Tcheck | Ttotal | Status | Flags |
---|---|---|---|---|---|---|
r-devel-linux-x86_64-debian-clang | 1.1.3 | 17.56 | 90.32 | 107.88 | OK | |
r-devel-linux-x86_64-debian-gcc | 1.1.3 | 14.93 | 72.79 | 87.72 | OK | |
r-devel-linux-x86_64-fedora-clang | 1.1.3 | 139.63 | NOTE | |||
r-devel-linux-x86_64-fedora-gcc | 1.1.3 | 135.93 | NOTE | |||
r-devel-windows-ix86+x86_64 | 1.1.3 | 31.00 | 107.00 | 138.00 | OK | |
r-patched-linux-x86_64 | 1.1.3 | 17.60 | 88.33 | 105.93 | OK | |
r-patched-solaris-x86 | 1.1.3 | 180.40 | NOTE | |||
r-release-linux-x86_64 | 1.1.3 | 16.31 | 89.20 | 105.51 | OK | |
r-release-macos-x86_64 | 1.1.3 | NOTE | ||||
r-release-windows-ix86+x86_64 | 1.1.3 | 26.00 | 108.00 | 134.00 | OK | |
r-oldrel-macos-x86_64 | 1.1.3 | NOTE | ||||
r-oldrel-windows-ix86+x86_64 | 1.1.3 | 23.00 | 103.00 | 126.00 | OK |
Version: 1.1.3
Check: dependencies in R code
Result: NOTE
Namespace in Imports field not imported from: ‘gstat’
All declared Imports should be used.
Flavors: r-devel-linux-x86_64-fedora-clang, r-devel-linux-x86_64-fedora-gcc, r-patched-solaris-x86, r-release-macos-x86_64, r-oldrel-macos-x86_64