Last updated on 2020-12-04 00:48:19 CET.
Flavor | Version | Tinstall | Tcheck | Ttotal | Status | Flags |
---|---|---|---|---|---|---|
r-devel-linux-x86_64-debian-clang | 0.1.4 | 186.90 | 34.15 | 221.05 | OK | |
r-devel-linux-x86_64-debian-gcc | 0.1.4 | 120.32 | 25.32 | 145.64 | OK | |
r-devel-linux-x86_64-fedora-clang | 0.1.4 | 319.99 | NOTE | |||
r-devel-linux-x86_64-fedora-gcc | 0.1.4 | 279.20 | OK | |||
r-devel-windows-ix86+x86_64 | 0.1.4 | 451.00 | 76.00 | 527.00 | OK | |
r-patched-linux-x86_64 | 0.1.4 | 148.61 | 32.17 | 180.78 | OK | |
r-patched-solaris-x86 | 0.1.4 | 235.00 | OK | |||
r-release-linux-x86_64 | 0.1.4 | 147.93 | 33.00 | 180.93 | OK | |
r-release-macos-x86_64 | 0.1.4 | OK | ||||
r-release-windows-ix86+x86_64 | 0.1.4 | 350.00 | 75.00 | 425.00 | OK | |
r-oldrel-macos-x86_64 | 0.1.4 | OK | ||||
r-oldrel-windows-ix86+x86_64 | 0.1.4 | 334.00 | 71.00 | 405.00 | OK |
Version: 0.1.4
Check: installed package size
Result: NOTE
installed size is 5.7Mb
sub-directories of 1Mb or more:
libs 5.5Mb
Flavor: r-devel-linux-x86_64-fedora-clang