CRAN Package Check Results for Package correlationfunnel

Last updated on 2020-12-04 00:48:19 CET.

Flavor Version Tinstall Tcheck Ttotal Status Flags
r-devel-linux-x86_64-debian-clang 0.2.0 14.01 151.06 165.07 OK
r-devel-linux-x86_64-debian-gcc 0.2.0 13.03 116.05 129.08 OK
r-devel-linux-x86_64-fedora-clang 0.2.0 204.77 NOTE
r-devel-linux-x86_64-fedora-gcc 0.2.0 195.92 NOTE
r-devel-windows-ix86+x86_64 0.2.0 34.00 177.00 211.00 OK
r-patched-linux-x86_64 0.2.0 12.78 143.70 156.48 OK
r-patched-solaris-x86 0.2.0 279.70 NOTE
r-release-linux-x86_64 0.2.0 13.05 145.89 158.94 OK
r-release-macos-x86_64 0.2.0 NOTE
r-release-windows-ix86+x86_64 0.2.0 29.00 144.00 173.00 OK
r-oldrel-macos-x86_64 0.2.0 NOTE
r-oldrel-windows-ix86+x86_64 0.2.0 32.00 176.00 208.00 OK

Check Details

Version: 0.2.0
Check: dependencies in R code
Result: NOTE
    Namespace in Imports field not imported from: ‘utils’
     All declared Imports should be used.
Flavors: r-devel-linux-x86_64-fedora-clang, r-devel-linux-x86_64-fedora-gcc, r-patched-solaris-x86, r-release-macos-x86_64, r-oldrel-macos-x86_64