CRAN Package Check Results for Package corregp

Last updated on 2020-12-04 00:48:19 CET.

Flavor Version Tinstall Tcheck Ttotal Status Flags
r-devel-linux-x86_64-debian-clang 2.0.2 9.11 72.54 81.65 OK
r-devel-linux-x86_64-debian-gcc 2.0.2 7.27 55.76 63.03 OK
r-devel-linux-x86_64-fedora-clang 2.0.2 103.96 NOTE
r-devel-linux-x86_64-fedora-gcc 2.0.2 91.07 NOTE
r-devel-windows-ix86+x86_64 2.0.2 16.00 90.00 106.00 OK
r-patched-linux-x86_64 2.0.2 8.75 66.61 75.36 OK
r-patched-solaris-x86 2.0.2 121.00 NOTE
r-release-linux-x86_64 2.0.2 8.03 66.45 74.48 OK
r-release-macos-x86_64 2.0.2 NOTE
r-release-windows-ix86+x86_64 2.0.2 13.00 64.00 77.00 OK
r-oldrel-macos-x86_64 2.0.2 WARN
r-oldrel-windows-ix86+x86_64 2.0.2 12.00 91.00 103.00 OK

Check Details

Version: 2.0.2
Check: data for non-ASCII characters
Result: NOTE
     Note: found 2 marked Latin-1 strings
Flavors: r-devel-linux-x86_64-fedora-clang, r-devel-linux-x86_64-fedora-gcc, r-patched-solaris-x86, r-release-macos-x86_64, r-oldrel-macos-x86_64

Version: 2.0.2
Check: whether package can be installed
Result: WARN
    Found the following significant warnings:
     Warning: 'rgl_init' failed, running with rgl.useNULL = TRUE
Flavor: r-oldrel-macos-x86_64