CRAN Package Check Results for Package corrcoverage

Last updated on 2020-12-04 00:48:19 CET.

Flavor Version Tinstall Tcheck Ttotal Status Flags
r-devel-linux-x86_64-debian-clang 1.2.1 25.73 84.02 109.75 OK
r-devel-linux-x86_64-debian-gcc 1.2.1 16.39 60.11 76.50 OK
r-devel-linux-x86_64-fedora-clang 1.2.1 144.06 NOTE
r-devel-linux-x86_64-fedora-gcc 1.2.1 119.93 NOTE
r-patched-linux-x86_64 1.2.1 21.53 74.92 96.45 OK
r-patched-solaris-x86 1.2.1 175.80 NOTE
r-release-linux-x86_64 1.2.1 22.50 74.18 96.68 OK
r-release-macos-x86_64 1.2.1 NOTE
r-release-windows-ix86+x86_64 1.1.0 41.00 136.00 177.00 NOTE
r-oldrel-macos-x86_64 1.2.1 NOTE
r-oldrel-windows-ix86+x86_64 1.1.0 53.00 136.00 189.00 NOTE

Check Details

Version: 1.2.1
Check: installed package size
Result: NOTE
     installed size is 5.1Mb
     sub-directories of 1Mb or more:
     extdata 3.8Mb
Flavors: r-devel-linux-x86_64-fedora-clang, r-release-macos-x86_64

Version: 1.2.1
Check: dependencies in R code
Result: NOTE
    Namespace in Imports field not imported from: ‘data.table’
     All declared Imports should be used.
Flavors: r-devel-linux-x86_64-fedora-clang, r-devel-linux-x86_64-fedora-gcc, r-patched-solaris-x86, r-release-macos-x86_64, r-oldrel-macos-x86_64

Version: 1.1.0
Check: installed package size
Result: NOTE
     installed size is 5.6Mb
     sub-directories of 1Mb or more:
     extdata 3.2Mb
     libs 2.0Mb
Flavors: r-release-windows-ix86+x86_64, r-oldrel-windows-ix86+x86_64