CRAN Package Check Results for Package corr2D

Last updated on 2020-12-04 00:48:19 CET.

Flavor Version Tinstall Tcheck Ttotal Status Flags
r-devel-linux-x86_64-debian-clang 1.0.0 4.13 42.57 46.70 OK
r-devel-linux-x86_64-debian-gcc 1.0.0 3.92 32.67 36.59 OK
r-devel-linux-x86_64-fedora-clang 1.0.0 62.94 NOTE
r-devel-linux-x86_64-fedora-gcc 1.0.0 52.66 NOTE
r-devel-windows-ix86+x86_64 1.0.0 7.00 64.00 71.00 OK
r-patched-linux-x86_64 1.0.0 4.49 41.17 45.66 OK
r-patched-solaris-x86 1.0.0 86.60 NOTE
r-release-linux-x86_64 1.0.0 4.34 41.79 46.13 OK
r-release-macos-x86_64 1.0.0 NOTE
r-release-windows-ix86+x86_64 1.0.0 7.00 53.00 60.00 OK
r-oldrel-macos-x86_64 1.0.0 NOTE
r-oldrel-windows-ix86+x86_64 1.0.0 5.00 61.00 66.00 OK

Check Details

Version: 1.0.0
Check: dependencies in R code
Result: NOTE
    Namespaces in Imports field not imported from:
     ‘profr’ ‘xtable’
     All declared Imports should be used.
Flavors: r-devel-linux-x86_64-fedora-clang, r-devel-linux-x86_64-fedora-gcc, r-patched-solaris-x86, r-release-macos-x86_64, r-oldrel-macos-x86_64