CRAN Package Check Results for Package corporaexplorer

Last updated on 2020-12-04 00:48:19 CET.

Flavor Version Tinstall Tcheck Ttotal Status Flags
r-devel-linux-x86_64-debian-clang 0.8.3 4.01 43.31 47.32 OK
r-devel-linux-x86_64-debian-gcc 0.8.3 3.81 32.92 36.73 OK
r-devel-linux-x86_64-fedora-clang 0.8.3 60.49 NOTE
r-devel-linux-x86_64-fedora-gcc 0.8.3 48.97 NOTE
r-devel-windows-ix86+x86_64 0.8.3 9.00 59.00 68.00 OK
r-patched-linux-x86_64 0.8.3 3.93 39.24 43.17 OK
r-patched-solaris-x86 0.8.3 65.20 NOTE
r-release-linux-x86_64 0.8.3 4.58 38.63 43.21 OK
r-release-macos-x86_64 0.8.3 NOTE
r-release-windows-ix86+x86_64 0.8.3 8.00 46.00 54.00 OK
r-oldrel-macos-x86_64 0.8.3 NOTE
r-oldrel-windows-ix86+x86_64 0.8.3 6.00 56.00 62.00 OK

Check Details

Version: 0.8.3
Check: dependencies in R code
Result: NOTE
    Namespaces in Imports field not imported from:
     ‘RColorBrewer’ ‘ggplot2’ ‘rmarkdown’ ‘shinyWidgets’ ‘shinydashboard’
     ‘shinyjs’
     All declared Imports should be used.
Flavors: r-devel-linux-x86_64-fedora-clang, r-devel-linux-x86_64-fedora-gcc, r-patched-solaris-x86, r-release-macos-x86_64, r-oldrel-macos-x86_64