CRAN Package Check Results for Package corTest

Last updated on 2020-12-04 00:48:19 CET.

Flavor Version Tinstall Tcheck Ttotal Status Flags
r-devel-linux-x86_64-debian-clang 1.0.7 10.73 99.07 109.80 OK
r-devel-linux-x86_64-debian-gcc 1.0.7 9.50 77.31 86.81 OK
r-devel-linux-x86_64-fedora-clang 1.0.7 139.68 NOTE
r-devel-linux-x86_64-fedora-gcc 1.0.7 131.51 NOTE
r-devel-windows-ix86+x86_64 1.0.7 26.00 122.00 148.00 OK
r-patched-linux-x86_64 1.0.7 10.51 95.20 105.71 OK
r-patched-solaris-x86 1.0.7 189.50 NOTE
r-release-linux-x86_64 1.0.7 10.19 93.99 104.18 OK
r-release-macos-x86_64 1.0.7 NOTE
r-release-windows-ix86+x86_64 1.0.7 21.00 93.00 114.00 OK
r-oldrel-macos-x86_64 1.0.7 NOTE
r-oldrel-windows-ix86+x86_64 1.0.7 20.00 114.00 134.00 OK

Check Details

Version: 1.0.7
Check: dependencies in R code
Result: NOTE
    Namespace in Imports field not imported from: ‘graphics’
     All declared Imports should be used.
Flavors: r-devel-linux-x86_64-fedora-clang, r-devel-linux-x86_64-fedora-gcc, r-patched-solaris-x86, r-release-macos-x86_64, r-oldrel-macos-x86_64