CRAN Package Check Results for Package copulaedas

Last updated on 2020-12-04 00:48:19 CET.

Flavor Version Tinstall Tcheck Ttotal Status Flags
r-devel-linux-x86_64-debian-clang 1.4.3 11.76 98.53 110.29 NOTE
r-devel-linux-x86_64-debian-gcc 1.4.3 9.20 75.15 84.35 NOTE
r-devel-linux-x86_64-fedora-clang 1.4.3 140.83 NOTE
r-devel-linux-x86_64-fedora-gcc 1.4.3 130.64 NOTE
r-devel-windows-ix86+x86_64 1.4.3 27.00 118.00 145.00 OK
r-patched-linux-x86_64 1.4.3 11.53 94.15 105.68 NOTE
r-patched-solaris-x86 1.4.3 185.80 NOTE
r-release-linux-x86_64 1.4.3 10.78 93.29 104.07 NOTE
r-release-macos-x86_64 1.4.3 NOTE
r-release-windows-ix86+x86_64 1.4.3 20.00 89.00 109.00 OK
r-oldrel-macos-x86_64 1.4.3 OK
r-oldrel-windows-ix86+x86_64 1.4.3 18.00 114.00 132.00 OK

Check Details

Version: 1.4.3
Check: package dependencies
Result: NOTE
    Package suggested but not available for checking: 'cec2005benchmark'
Flavors: r-devel-linux-x86_64-debian-clang, r-devel-linux-x86_64-debian-gcc, r-devel-linux-x86_64-fedora-clang, r-devel-linux-x86_64-fedora-gcc, r-patched-linux-x86_64, r-patched-solaris-x86, r-release-linux-x86_64, r-release-macos-x86_64