Last updated on 2020-12-04 00:48:19 CET.
Flavor | Version | Tinstall | Tcheck | Ttotal | Status | Flags |
---|---|---|---|---|---|---|
r-devel-linux-x86_64-debian-clang | 1.0-0 | 47.03 | 842.25 | 889.28 | OK | |
r-devel-linux-x86_64-debian-gcc | 1.0-0 | 42.99 | 607.46 | 650.45 | OK | |
r-devel-linux-x86_64-fedora-clang | 1.0-0 | 1048.72 | NOTE | |||
r-devel-linux-x86_64-fedora-gcc | 1.0-0 | 1066.03 | OK | |||
r-devel-windows-ix86+x86_64 | 1.0-0 | 104.00 | 727.00 | 831.00 | NOTE | --no-vignettes |
r-patched-linux-x86_64 | 1.0-0 | 48.61 | 807.99 | 856.60 | OK | |
r-patched-solaris-x86 | 1.0-0 | 1378.50 | NOTE | |||
r-release-linux-x86_64 | 1.0-0 | 47.06 | 810.79 | 857.85 | OK | |
r-release-macos-x86_64 | 1.0-0 | NOTE | ||||
r-release-windows-ix86+x86_64 | 1.0-0 | 74.00 | 999.00 | 1073.00 | NOTE | --no-vignettes |
r-oldrel-macos-x86_64 | 1.0-0 | NOTE | ||||
r-oldrel-windows-ix86+x86_64 | 1.0-0 | 79.00 | 888.00 | 967.00 | NOTE | --no-vignettes |
Version: 1.0-0
Check: installed package size
Result: NOTE
installed size is 8.7Mb
sub-directories of 1Mb or more:
R 2.1Mb
doc 4.3Mb
Flavors: r-devel-linux-x86_64-fedora-clang, r-patched-solaris-x86, r-release-macos-x86_64, r-oldrel-macos-x86_64
Version: 1.0-0
Flags: --no-vignettes
Check: installed package size
Result: NOTE
installed size is 8.4Mb
sub-directories of 1Mb or more:
R 2.1Mb
doc 4.3Mb
Flavors: r-devel-windows-ix86+x86_64, r-release-windows-ix86+x86_64, r-oldrel-windows-ix86+x86_64