Last updated on 2020-12-04 00:48:19 CET.
Flavor | Version | Tinstall | Tcheck | Ttotal | Status | Flags |
---|---|---|---|---|---|---|
r-devel-linux-x86_64-debian-clang | 1.0-2 | 20.95 | 158.39 | 179.34 | OK | |
r-devel-linux-x86_64-debian-gcc | 1.0-2 | 16.90 | 118.16 | 135.06 | OK | |
r-devel-linux-x86_64-fedora-clang | 1.0-2 | 218.06 | OK | |||
r-devel-linux-x86_64-fedora-gcc | 1.0-2 | 209.32 | OK | |||
r-devel-windows-ix86+x86_64 | 1.0-2 | 42.00 | 186.00 | 228.00 | OK | |
r-patched-linux-x86_64 | 1.0-2 | 15.08 | 147.06 | 162.14 | OK | |
r-patched-solaris-x86 | 1.0-2 | 287.10 | OK | |||
r-release-linux-x86_64 | 1.0-2 | 13.74 | 146.57 | 160.31 | OK | |
r-release-macos-x86_64 | 1.0-2 | OK | ||||
r-release-windows-ix86+x86_64 | 1.0-2 | 37.00 | 146.00 | 183.00 | OK | |
r-oldrel-macos-x86_64 | 1.0-2 | WARN | ||||
r-oldrel-windows-ix86+x86_64 | 1.0-2 | 38.00 | 171.00 | 209.00 | OK |
Version: 1.0-2
Check: whether package can be installed
Result: WARN
Found the following significant warnings:
Warning: 'rgl_init' failed, running with rgl.useNULL = TRUE
Flavor: r-oldrel-macos-x86_64
Version: 1.0-2
Check: dependencies in R code
Result: NOTE
No protocol specified
Flavor: r-oldrel-macos-x86_64
Version: 1.0-2
Check: S3 generic/method consistency
Result: WARN
No protocol specified
See section ‘Generic functions and methods’ in the ‘Writing R
Extensions’ manual.
Flavor: r-oldrel-macos-x86_64
Version: 1.0-2
Check: replacement functions
Result: WARN
No protocol specified
The argument of a replacement function which corresponds to the right
hand side must be named ‘value’.
Flavor: r-oldrel-macos-x86_64
Version: 1.0-2
Check: foreign function calls
Result: NOTE
No protocol specified
See chapter ‘System and foreign language interfaces’ in the ‘Writing R
Extensions’ manual.
Flavor: r-oldrel-macos-x86_64
Version: 1.0-2
Check: R code for possible problems
Result: NOTE
No protocol specified
Flavor: r-oldrel-macos-x86_64
Version: 1.0-2
Check: for missing documentation entries
Result: WARN
No protocol specified
All user-level objects in a package should have documentation entries.
See chapter ‘Writing R documentation files’ in the ‘Writing R
Extensions’ manual.
Flavor: r-oldrel-macos-x86_64
Version: 1.0-2
Check: for code/documentation mismatches
Result: WARN
No protocol specified
No protocol specified
No protocol specified
Flavor: r-oldrel-macos-x86_64
Version: 1.0-2
Check: Rd \usage sections
Result: NOTE
No protocol specified
The \usage entries for S3 methods should use the \method markup and not
their full name.
See chapter ‘Writing R documentation files’ in the ‘Writing R
Extensions’ manual.
Flavor: r-oldrel-macos-x86_64