CRAN Package Check Results for Package contentid

Last updated on 2020-12-04 00:48:19 CET.

Flavor Version Tinstall Tcheck Ttotal Status Flags
r-devel-linux-x86_64-debian-clang 0.0.8 4.32 37.55 41.87 OK
r-devel-linux-x86_64-debian-gcc 0.0.8 3.38 29.01 32.39 OK
r-devel-linux-x86_64-fedora-clang 0.0.8 56.21 OK
r-devel-linux-x86_64-fedora-gcc 0.0.8 47.79 OK
r-devel-windows-ix86+x86_64 0.0.8 7.00 54.00 61.00 OK
r-patched-linux-x86_64 0.0.8 4.34 35.44 39.78 OK
r-patched-solaris-x86 0.0.8 68.40 OK
r-release-linux-x86_64 0.0.8 4.31 35.20 39.51 OK
r-release-macos-x86_64 0.0.8 OK
r-release-windows-ix86+x86_64 0.0.8 6.00 47.00 53.00 OK
r-oldrel-macos-x86_64 0.0.8 ERROR
r-oldrel-windows-ix86+x86_64 0.0.8 5.00 53.00 58.00 OK

Check Details

Version: 0.0.8
Check: examples
Result: ERROR
    Running examples in ‘contentid-Ex.R’ failed
    The error most likely occurred in:
    
    > ### Name: resolve
    > ### Title: Resolve content from a content identifier
    > ### Aliases: resolve
    >
    > ### ** Examples
    >
    > ## Don't show:
    > ## Real users won't use a temporary dir
    > Sys.setenv("CONTENTID_REGISTRIES" = tempdir())
    > ## End(Don't show)
    > # ensure some content in local storage for testing purposes:
    > vostok_co2 <- system.file("extdata", "vostok.icecore.co2",
    + package = "contentid")
    > store(vostok_co2)
    Error: [EROFS] Failed to make directory '/Users/urbanek/Library/Application Support/contentid': read-only file system
    Execution halted
Flavor: r-oldrel-macos-x86_64