Last updated on 2020-12-04 00:48:19 CET.
Flavor | Version | Tinstall | Tcheck | Ttotal | Status | Flags |
---|---|---|---|---|---|---|
r-devel-linux-x86_64-debian-clang | 2.0.0 | 12.53 | 57.50 | 70.03 | OK | |
r-devel-linux-x86_64-debian-gcc | 2.0.0 | 10.29 | 45.03 | 55.32 | OK | |
r-devel-linux-x86_64-fedora-clang | 2.0.0 | 90.36 | NOTE | |||
r-devel-linux-x86_64-fedora-gcc | 2.0.0 | 82.13 | NOTE | |||
r-devel-windows-ix86+x86_64 | 2.0.0 | 21.00 | 76.00 | 97.00 | OK | |
r-patched-linux-x86_64 | 2.0.0 | 12.00 | 56.87 | 68.87 | OK | |
r-patched-solaris-x86 | 2.0.0 | 116.30 | NOTE | |||
r-release-linux-x86_64 | 2.0.0 | 11.30 | 57.01 | 68.31 | OK | |
r-release-macos-x86_64 | 2.0.0 | NOTE | ||||
r-release-windows-ix86+x86_64 | 2.0.0 | 19.00 | 76.00 | 95.00 | OK | |
r-oldrel-macos-x86_64 | 2.0.0 | NOTE | ||||
r-oldrel-windows-ix86+x86_64 | 2.0.0 | 16.00 | 75.00 | 91.00 | OK |
Version: 2.0.0
Check: data for non-ASCII characters
Result: NOTE
Note: found 92 marked UTF-8 strings
Flavors: r-devel-linux-x86_64-fedora-clang, r-devel-linux-x86_64-fedora-gcc, r-patched-solaris-x86, r-release-macos-x86_64, r-oldrel-macos-x86_64