CRAN Package Check Results for Package compboost

Last updated on 2020-12-04 00:48:19 CET.

Flavor Version Tinstall Tcheck Ttotal Status Flags
r-devel-linux-x86_64-debian-clang 0.1.0 240.72 137.54 378.26 OK
r-devel-linux-x86_64-debian-gcc 0.1.0 177.52 97.37 274.89 OK
r-devel-linux-x86_64-fedora-clang 0.1.0 528.52 NOTE
r-devel-linux-x86_64-fedora-gcc 0.1.0 498.02 NOTE
r-devel-windows-ix86+x86_64 0.1.0 559.00 262.00 821.00 NOTE
r-patched-linux-x86_64 0.1.0 211.38 126.60 337.98 OK
r-patched-solaris-x86 0.1.0 437.10 NOTE
r-release-linux-x86_64 0.1.0 211.50 126.28 337.78 OK
r-release-macos-x86_64 0.1.0 NOTE
r-release-windows-ix86+x86_64 0.1.0 418.00 211.00 629.00 NOTE
r-oldrel-macos-x86_64 0.1.0 NOTE
r-oldrel-windows-ix86+x86_64 0.1.0 458.00 242.00 700.00 OK

Additional issues

clang-UBSAN gcc-UBSAN valgrind

Check Details

Version: 0.1.0
Check: installed package size
Result: NOTE
     installed size is 22.9Mb
     sub-directories of 1Mb or more:
     libs 22.3Mb
Flavors: r-devel-linux-x86_64-fedora-clang, r-devel-windows-ix86+x86_64, r-release-macos-x86_64, r-release-windows-ix86+x86_64, r-oldrel-macos-x86_64

Version: 0.1.0
Check: dependencies in R code
Result: NOTE
    Namespaces in Imports field not imported from:
     ‘R6’ ‘checkmate’ ‘methods’
     All declared Imports should be used.
Flavors: r-devel-linux-x86_64-fedora-clang, r-devel-linux-x86_64-fedora-gcc, r-patched-solaris-x86, r-release-macos-x86_64, r-oldrel-macos-x86_64