CRAN Package Check Results for Package compareDF

Last updated on 2020-12-04 00:48:19 CET.

Flavor Version Tinstall Tcheck Ttotal Status Flags
r-devel-linux-x86_64-debian-clang 2.3.0 5.02 58.00 63.02 OK
r-devel-linux-x86_64-debian-gcc 2.3.0 4.57 44.89 49.46 OK
r-devel-linux-x86_64-fedora-clang 2.3.0 81.81 NOTE
r-devel-linux-x86_64-fedora-gcc 2.3.0 100.97 NOTE
r-devel-windows-ix86+x86_64 2.3.0 11.00 75.00 86.00 OK
r-patched-linux-x86_64 2.3.0 5.48 58.50 63.98 OK
r-patched-solaris-x86 2.3.0 101.40 NOTE
r-release-linux-x86_64 2.3.0 4.61 57.82 62.43 OK
r-release-macos-x86_64 2.3.0 NOTE
r-release-windows-ix86+x86_64 2.3.0 9.00 62.00 71.00 OK
r-oldrel-macos-x86_64 2.3.0 NOTE
r-oldrel-windows-ix86+x86_64 2.3.0 7.00 77.00 84.00 OK

Check Details

Version: 2.3.0
Check: dependencies in R code
Result: NOTE
    Namespace in Imports field not imported from: ‘magrittr’
     All declared Imports should be used.
Flavors: r-devel-linux-x86_64-fedora-clang, r-devel-linux-x86_64-fedora-gcc, r-patched-solaris-x86, r-release-macos-x86_64, r-oldrel-macos-x86_64