CRAN Package Check Results for Package commonsMath

Last updated on 2020-12-04 00:48:19 CET.

Flavor Version Tinstall Tcheck Ttotal Status Flags
r-devel-linux-x86_64-debian-clang 1.2.5 2.13 102.08 104.21 OK
r-devel-linux-x86_64-debian-gcc 1.2.5 1.67 81.86 83.53 OK
r-devel-linux-x86_64-fedora-clang 1.2.5 110.66 OK
r-devel-linux-x86_64-fedora-gcc 1.2.5 119.50 OK
r-devel-windows-ix86+x86_64 1.2.5 6.00 159.00 165.00 OK
r-patched-linux-x86_64 1.2.5 2.16 102.16 104.32 OK
r-patched-solaris-x86 1.2.5 48.50 NOTE
r-release-linux-x86_64 1.2.5 1.99 101.09 103.08 OK
r-release-macos-x86_64 1.2.5 OK
r-release-windows-ix86+x86_64 1.2.5 6.00 135.00 141.00 OK
r-oldrel-macos-x86_64 1.2.5 OK
r-oldrel-windows-ix86+x86_64 1.2.5 5.00 158.00 163.00 OK

Check Details

Version: 1.2.5
Check: package dependencies
Result: NOTE
    Package suggested but not available for checking: ‘rscala’
Flavor: r-patched-solaris-x86