Last updated on 2020-12-04 00:48:19 CET.
Flavor | Version | Tinstall | Tcheck | Ttotal | Status | Flags |
---|---|---|---|---|---|---|
r-devel-linux-x86_64-debian-clang | 0.1.5 | 5.18 | 34.07 | 39.25 | NOTE | |
r-devel-linux-x86_64-debian-gcc | 0.1.5 | 4.49 | 27.67 | 32.16 | NOTE | |
r-devel-linux-x86_64-fedora-clang | 0.1.5 | 52.31 | NOTE | |||
r-devel-linux-x86_64-fedora-gcc | 0.1.5 | 42.75 | NOTE | |||
r-devel-windows-ix86+x86_64 | 0.1.5 | 13.00 | 60.00 | 73.00 | OK | |
r-patched-linux-x86_64 | 0.1.5 | 5.17 | 33.21 | 38.38 | NOTE | |
r-patched-solaris-x86 | 0.1.5 | 64.20 | NOTE | |||
r-release-linux-x86_64 | 0.1.5 | 4.55 | 31.71 | 36.26 | NOTE | |
r-release-macos-x86_64 | 0.1.5 | OK | ||||
r-release-windows-ix86+x86_64 | 0.1.5 | 10.00 | 60.00 | 70.00 | OK | |
r-oldrel-macos-x86_64 | 0.1.5 | OK | ||||
r-oldrel-windows-ix86+x86_64 | 0.1.5 | 9.00 | 55.00 | 64.00 | OK |
Version: 0.1.5
Check: for non-standard things in the check directory
Result: NOTE
Found the following files/directories:
'cometExactTest_plot.pdf'
Flavors: r-devel-linux-x86_64-debian-clang, r-devel-linux-x86_64-debian-gcc, r-devel-linux-x86_64-fedora-clang, r-devel-linux-x86_64-fedora-gcc, r-patched-linux-x86_64, r-patched-solaris-x86, r-release-linux-x86_64