Last updated on 2020-12-04 00:48:19 CET.
Flavor | Version | Tinstall | Tcheck | Ttotal | Status | Flags |
---|---|---|---|---|---|---|
r-devel-linux-x86_64-debian-clang | 2.0.2 | 12.47 | 120.92 | 133.39 | OK | |
r-devel-linux-x86_64-debian-gcc | 2.0.2 | 9.07 | 93.64 | 102.71 | OK | |
r-devel-linux-x86_64-fedora-clang | 2.0.2 | 162.56 | OK | |||
r-devel-linux-x86_64-fedora-gcc | 2.0.2 | 158.96 | OK | |||
r-devel-windows-ix86+x86_64 | 2.0.2 | 23.00 | 145.00 | 168.00 | OK | |
r-patched-linux-x86_64 | 2.0.2 | 11.61 | 115.12 | 126.73 | OK | |
r-patched-solaris-x86 | 2.0.2 | 209.60 | OK | |||
r-release-linux-x86_64 | 2.0.2 | 11.56 | 116.05 | 127.61 | OK | |
r-release-macos-x86_64 | 2.0.2 | OK | ||||
r-release-windows-ix86+x86_64 | 2.0.2 | 20.00 | 119.00 | 139.00 | OK | |
r-oldrel-macos-x86_64 | 2.0.2 | WARN | ||||
r-oldrel-windows-ix86+x86_64 | 2.0.2 | 17.00 | 139.00 | 156.00 | OK |
Version: 2.0.2
Check: whether package can be installed
Result: WARN
Found the following significant warnings:
Warning: 'rgl_init' failed, running with rgl.useNULL = TRUE
Flavor: r-oldrel-macos-x86_64