CRAN Package Check Results for Package colourvalues

Last updated on 2020-12-04 00:48:19 CET.

Flavor Version Tinstall Tcheck Ttotal Status Flags
r-devel-linux-x86_64-debian-clang 0.3.6 103.74 36.23 139.97 OK
r-devel-linux-x86_64-debian-gcc 0.3.6 76.90 29.79 106.69 OK
r-devel-linux-x86_64-fedora-clang 0.3.6 201.30 NOTE
r-devel-linux-x86_64-fedora-gcc 0.3.6 186.58 OK
r-devel-windows-ix86+x86_64 0.3.6 243.00 90.00 333.00 NOTE
r-patched-linux-x86_64 0.3.6 87.61 34.96 122.57 OK
r-patched-solaris-x86 0.3.6 158.10 OK
r-release-linux-x86_64 0.3.6 88.45 34.76 123.21 OK
r-release-macos-x86_64 0.3.6 NOTE
r-release-windows-ix86+x86_64 0.3.6 182.00 74.00 256.00 NOTE
r-oldrel-macos-x86_64 0.3.6 NOTE
r-oldrel-windows-ix86+x86_64 0.3.6 191.00 84.00 275.00 OK

Additional issues

clang-ASAN gcc-ASAN valgrind

Check Details

Version: 0.3.6
Check: installed package size
Result: NOTE
     installed size is 9.3Mb
     sub-directories of 1Mb or more:
     libs 8.0Mb
Flavors: r-devel-linux-x86_64-fedora-clang, r-devel-windows-ix86+x86_64, r-release-macos-x86_64, r-release-windows-ix86+x86_64, r-oldrel-macos-x86_64