CRAN Package Check Results for Package colordistance

Last updated on 2020-12-04 00:48:18 CET.

Flavor Version Tinstall Tcheck Ttotal Status Flags
r-devel-linux-x86_64-debian-clang 1.1.1 5.64 126.48 132.12 OK
r-devel-linux-x86_64-debian-gcc 1.1.1 4.20 95.90 100.10 OK
r-devel-linux-x86_64-fedora-clang 1.1.1 161.54 NOTE
r-devel-linux-x86_64-fedora-gcc 1.1.1 151.97 NOTE
r-devel-windows-ix86+x86_64 1.1.1 10.00 157.00 167.00 OK
r-patched-linux-x86_64 1.1.1 5.38 126.57 131.95 OK
r-patched-solaris-x86 1.1.1 227.30 NOTE
r-release-linux-x86_64 1.1.1 5.16 123.99 129.15 OK
r-release-macos-x86_64 1.1.1 NOTE
r-release-windows-ix86+x86_64 1.1.1 8.00 119.00 127.00 OK
r-oldrel-macos-x86_64 1.1.1 NOTE
r-oldrel-windows-ix86+x86_64 1.1.1 8.00 167.00 175.00 OK

Check Details

Version: 1.1.1
Check: dependencies in R code
Result: NOTE
    Namespaces in Imports field not imported from:
     ‘magrittr’ ‘qpdf’
     All declared Imports should be used.
Flavors: r-devel-linux-x86_64-fedora-clang, r-devel-linux-x86_64-fedora-gcc, r-patched-solaris-x86, r-release-macos-x86_64, r-oldrel-macos-x86_64