CRAN Package Check Results for Package collectArgs

Last updated on 2020-12-04 00:48:18 CET.

Flavor Version Tinstall Tcheck Ttotal Status Flags
r-devel-linux-x86_64-debian-clang 0.4.0 1.78 25.60 27.38 NOTE
r-devel-linux-x86_64-debian-gcc 0.4.0 1.56 21.98 23.54 NOTE
r-devel-linux-x86_64-fedora-clang 0.4.0 40.55 OK
r-devel-linux-x86_64-fedora-gcc 0.4.0 31.19 OK
r-devel-windows-ix86+x86_64 0.4.0 5.00 40.00 45.00 NOTE
r-patched-linux-x86_64 0.4.0 1.94 24.99 26.93 NOTE
r-patched-solaris-x86 0.4.0 48.50 OK
r-release-linux-x86_64 0.4.0 2.03 25.36 27.39 NOTE
r-release-macos-x86_64 0.4.0 OK
r-release-windows-ix86+x86_64 0.4.0 4.00 34.00 38.00 NOTE
r-oldrel-macos-x86_64 0.4.0 OK
r-oldrel-windows-ix86+x86_64 0.4.0 3.00 39.00 42.00 OK

Check Details

Version: 0.4.0
Check: package vignettes
Result: NOTE
    Package vignette with placeholder title 'Vignette Title':
     'collectArgs_and_iterateWithArgs.Rmd'
Flavors: r-devel-linux-x86_64-debian-clang, r-devel-linux-x86_64-debian-gcc, r-devel-windows-ix86+x86_64, r-patched-linux-x86_64, r-release-linux-x86_64, r-release-windows-ix86+x86_64