CRAN Package Check Results for Package collUtils

Last updated on 2020-12-04 00:48:18 CET.

Flavor Version Tinstall Tcheck Ttotal Status Flags
r-devel-linux-x86_64-debian-clang 1.0.5 24.26 36.75 61.01 OK
r-devel-linux-x86_64-debian-gcc 1.0.5 15.32 29.20 44.52 OK
r-devel-linux-x86_64-fedora-clang 1.0.5 98.63 NOTE
r-devel-linux-x86_64-fedora-gcc 1.0.5 75.45 NOTE
r-devel-windows-ix86+x86_64 1.0.5 64.00 79.00 143.00 OK
r-patched-linux-x86_64 1.0.5 18.67 37.54 56.21 OK
r-patched-solaris-x86 1.0.5 89.60 OK
r-release-linux-x86_64 1.0.5 19.33 37.29 56.62 OK
r-release-macos-x86_64 1.0.5 OK
r-release-windows-ix86+x86_64 1.0.5 46.00 68.00 114.00 OK
r-oldrel-macos-x86_64 1.0.5 OK
r-oldrel-windows-ix86+x86_64 1.0.5 41.00 7.00 48.00 ERROR

Check Details

Version: 1.0.5
Check: compiled code
Result: NOTE
    File ‘collUtils/libs/collUtils.so’:
     Found no calls to: ‘R_registerRoutines’, ‘R_useDynamicSymbols’
    
    It is good practice to register native routines and to disable symbol
    search.
    
    See ‘Writing portable packages’ in the ‘Writing R Extensions’ manual.
Flavors: r-devel-linux-x86_64-fedora-clang, r-devel-linux-x86_64-fedora-gcc

Version: 1.0.5
Check: whether package can be installed
Result: ERROR
    Installation failed.
Flavor: r-oldrel-windows-ix86+x86_64