CRAN Package Check Results for Package cognitoR

Last updated on 2020-12-04 00:48:18 CET.

Flavor Version Tinstall Tcheck Ttotal Status Flags
r-devel-linux-x86_64-debian-clang 1.0.2 5.61 47.56 53.17 OK
r-devel-linux-x86_64-debian-gcc 1.0.2 4.60 35.76 40.36 OK
r-devel-linux-x86_64-fedora-clang 1.0.2 69.27 NOTE
r-devel-linux-x86_64-fedora-gcc 1.0.2 59.13 NOTE
r-devel-windows-ix86+x86_64 1.0.2 13.00 65.00 78.00 OK
r-patched-linux-x86_64 1.0.2 6.07 43.64 49.71 OK
r-patched-solaris-x86 1.0.2 84.20 NOTE
r-release-linux-x86_64 1.0.2 5.50 44.46 49.96 OK
r-release-macos-x86_64 1.0.2 NOTE
r-release-windows-ix86+x86_64 1.0.2 11.00 66.00 77.00 OK
r-oldrel-macos-x86_64 1.0.2 NOTE
r-oldrel-windows-ix86+x86_64 1.0.2 10.00 62.00 72.00 OK

Check Details

Version: 1.0.2
Check: dependencies in R code
Result: NOTE
    Namespace in Imports field not imported from: ‘yaml’
     All declared Imports should be used.
Flavors: r-devel-linux-x86_64-fedora-clang, r-devel-linux-x86_64-fedora-gcc, r-patched-solaris-x86, r-release-macos-x86_64, r-oldrel-macos-x86_64