CRAN Package Check Results for Package codified

Last updated on 2020-12-04 00:48:18 CET.

Flavor Version Tinstall Tcheck Ttotal Status Flags
r-devel-linux-x86_64-debian-clang 0.2.0 3.34 42.09 45.43 OK
r-devel-linux-x86_64-debian-gcc 0.2.0 3.06 31.50 34.56 OK
r-devel-linux-x86_64-fedora-clang 0.2.0 57.97 NOTE
r-devel-linux-x86_64-fedora-gcc 0.2.0 49.86 NOTE
r-devel-windows-ix86+x86_64 0.2.0 8.00 58.00 66.00 OK
r-patched-linux-x86_64 0.2.0 3.53 39.36 42.89 OK
r-patched-solaris-x86 0.2.0 76.80 NOTE
r-release-linux-x86_64 0.2.0 3.76 38.97 42.73 OK
r-release-macos-x86_64 0.2.0 NOTE
r-release-windows-ix86+x86_64 0.2.0 6.00 46.00 52.00 OK
r-oldrel-macos-x86_64 0.2.0 NOTE
r-oldrel-windows-ix86+x86_64 0.2.0 5.00 57.00 62.00 OK

Check Details

Version: 0.2.0
Check: dependencies in R code
Result: NOTE
    Namespaces in Imports field not imported from:
     ‘methods’ ‘readr’
     All declared Imports should be used.
Flavors: r-devel-linux-x86_64-fedora-clang, r-devel-linux-x86_64-fedora-gcc, r-patched-solaris-x86, r-release-macos-x86_64, r-oldrel-macos-x86_64