CRAN Package Check Results for Package coala

Last updated on 2020-12-04 00:48:18 CET.

Flavor Version Tinstall Tcheck Ttotal Status Flags
r-devel-linux-x86_64-debian-clang 0.6.0 173.16 116.42 289.58 OK
r-devel-linux-x86_64-debian-gcc 0.6.0 120.28 91.09 211.37 OK
r-devel-linux-x86_64-fedora-clang 0.6.0 395.77 NOTE
r-devel-linux-x86_64-fedora-gcc 0.6.0 373.75 OK
r-devel-windows-ix86+x86_64 0.6.0 368.00 192.00 560.00 OK
r-patched-linux-x86_64 0.6.0 139.36 114.94 254.30 OK
r-patched-solaris-x86 0.6.0 364.50 OK
r-release-linux-x86_64 0.6.0 143.38 115.21 258.59 OK
r-release-macos-x86_64 0.6.0 NOTE
r-release-windows-ix86+x86_64 0.6.0 273.00 155.00 428.00 OK
r-oldrel-macos-x86_64 0.6.0 NOTE
r-oldrel-windows-ix86+x86_64 0.6.0 286.00 182.00 468.00 OK

Check Details

Version: 0.6.0
Check: installed package size
Result: NOTE
     installed size is 7.1Mb
     sub-directories of 1Mb or more:
     R 1.4Mb
     libs 5.2Mb
Flavors: r-devel-linux-x86_64-fedora-clang, r-release-macos-x86_64, r-oldrel-macos-x86_64