CRAN Package Check Results for Package cmsaf

Last updated on 2020-12-04 00:48:18 CET.

Flavor Version Tinstall Tcheck Ttotal Status Flags
r-devel-linux-x86_64-debian-clang 3.0.0 3.04 23.68 26.72 OK
r-devel-linux-x86_64-debian-gcc 3.0.0 3.39 21.14 24.53 OK
r-devel-linux-x86_64-fedora-clang 3.0.0 38.37 NOTE
r-devel-linux-x86_64-fedora-gcc 3.0.0 28.79 NOTE
r-devel-windows-ix86+x86_64 3.0.0 7.00 41.00 48.00 OK
r-patched-linux-x86_64 3.0.0 3.49 23.71 27.20 OK
r-patched-solaris-x86 3.0.0 47.50 NOTE
r-release-linux-x86_64 3.0.0 3.63 24.77 28.40 OK
r-release-macos-x86_64 3.0.0 NOTE
r-release-windows-ix86+x86_64 3.0.0 7.00 30.00 37.00 OK
r-oldrel-macos-x86_64 3.0.0 NOTE
r-oldrel-windows-ix86+x86_64 3.0.0 8.00 37.00 45.00 OK

Check Details

Version: 3.0.0
Check: dependencies in R code
Result: NOTE
    Namespaces in Imports field not imported from:
     ‘FNN’ ‘R.utils’ ‘colorspace’ ‘colourpicker’ ‘fields’ ‘mapproj’ ‘maps’
     ‘maptools’ ‘ncdf4’ ‘raster’ ‘rworldxtra’ ‘shinyFiles’ ‘shinyjs’
     ‘shinythemes’ ‘sp’ ‘tcltk’
     All declared Imports should be used.
Flavors: r-devel-linux-x86_64-fedora-clang, r-devel-linux-x86_64-fedora-gcc, r-patched-solaris-x86, r-release-macos-x86_64, r-oldrel-macos-x86_64