CRAN Package Check Results for Package cmaes

Last updated on 2020-12-04 00:48:18 CET.

Flavor Version Tinstall Tcheck Ttotal Status Flags
r-devel-linux-x86_64-debian-clang 1.0-11 2.49 25.43 27.92 NOTE
r-devel-linux-x86_64-debian-gcc 1.0-11 1.91 20.84 22.75 NOTE
r-devel-linux-x86_64-fedora-clang 1.0-11 40.50 NOTE
r-devel-linux-x86_64-fedora-gcc 1.0-11 30.99 NOTE
r-devel-windows-ix86+x86_64 1.0-11 5.00 40.00 45.00 NOTE
r-patched-linux-x86_64 1.0-11 2.56 25.61 28.17 NOTE
r-patched-solaris-x86 1.0-11 44.80 NOTE
r-release-linux-x86_64 1.0-11 2.56 24.83 27.39 NOTE
r-release-macos-x86_64 1.0-11 NOTE
r-release-windows-ix86+x86_64 1.0-11 4.00 32.00 36.00 NOTE
r-oldrel-macos-x86_64 1.0-11 NOTE
r-oldrel-windows-ix86+x86_64 1.0-11 4.00 35.00 39.00 NOTE

Check Details

Version: 1.0-11
Check: R code for possible problems
Result: NOTE
    cma_es: no visible global function definition for 'rnorm'
    f_rand: no visible global function definition for 'runif'
    Undefined global functions or variables:
     rnorm runif
    Consider adding
     importFrom("stats", "rnorm", "runif")
    to your NAMESPACE file.
Flavors: r-devel-linux-x86_64-debian-clang, r-devel-linux-x86_64-debian-gcc, r-devel-linux-x86_64-fedora-clang, r-devel-linux-x86_64-fedora-gcc, r-devel-windows-ix86+x86_64, r-patched-linux-x86_64, r-patched-solaris-x86, r-release-linux-x86_64, r-release-macos-x86_64, r-release-windows-ix86+x86_64, r-oldrel-macos-x86_64, r-oldrel-windows-ix86+x86_64