Last updated on 2020-12-04 00:48:18 CET.
Flavor | Version | Tinstall | Tcheck | Ttotal | Status | Flags |
---|---|---|---|---|---|---|
r-devel-linux-x86_64-debian-clang | 0.3-2.2 | 7.35 | 35.96 | 43.31 | OK | |
r-devel-linux-x86_64-debian-gcc | 0.3-2.2 | 5.07 | 29.41 | 34.48 | OK | |
r-devel-linux-x86_64-fedora-clang | 0.3-2.2 | 56.66 | NOTE | |||
r-devel-linux-x86_64-fedora-gcc | 0.3-2.2 | 46.81 | NOTE | |||
r-devel-windows-ix86+x86_64 | 0.3-2.2 | 19.00 | 63.00 | 82.00 | OK | |
r-patched-linux-x86_64 | 0.3-2.2 | 6.94 | 33.14 | 40.08 | OK | |
r-patched-solaris-x86 | 0.3-2.2 | 68.00 | OK | |||
r-release-linux-x86_64 | 0.3-2.2 | 6.84 | 32.27 | 39.11 | OK | |
r-release-macos-x86_64 | 0.3-2.2 | OK | ||||
r-release-windows-ix86+x86_64 | 0.3-2.2 | 17.00 | 66.00 | 83.00 | OK | |
r-oldrel-macos-x86_64 | 0.3-2.2 | OK | ||||
r-oldrel-windows-ix86+x86_64 | 0.3-2.2 | 15.00 | 66.00 | 81.00 | OK |
Version: 0.3-2.2
Check: compiled code
Result: NOTE
File ‘clv/libs/clv.so’:
Found no calls to: ‘R_registerRoutines’, ‘R_useDynamicSymbols’
It is good practice to register native routines and to disable symbol
search.
See ‘Writing portable packages’ in the ‘Writing R Extensions’ manual.
Flavors: r-devel-linux-x86_64-fedora-clang, r-devel-linux-x86_64-fedora-gcc