Last updated on 2020-12-04 00:48:18 CET.
Flavor | Version | Tinstall | Tcheck | Ttotal | Status | Flags |
---|---|---|---|---|---|---|
r-devel-linux-x86_64-debian-clang | 0.4.3 | 10.12 | 159.32 | 169.44 | OK | |
r-devel-linux-x86_64-debian-gcc | 0.4.3 | 8.34 | 119.05 | 127.39 | OK | |
r-devel-linux-x86_64-fedora-clang | 0.4.3 | 203.31 | OK | |||
r-devel-linux-x86_64-fedora-gcc | 0.4.3 | 194.31 | OK | |||
r-devel-windows-ix86+x86_64 | 0.4.3 | 18.00 | 195.00 | 213.00 | OK | |
r-patched-linux-x86_64 | 0.4.3 | 6.35 | 149.17 | 155.52 | OK | |
r-patched-solaris-x86 | 0.4.3 | 275.10 | OK | |||
r-release-linux-x86_64 | 0.4.3 | 6.53 | 149.97 | 156.50 | OK | |
r-release-macos-x86_64 | 0.4.3 | OK | ||||
r-release-windows-ix86+x86_64 | 0.4.3 | 14.00 | 144.00 | 158.00 | OK | |
r-oldrel-macos-x86_64 | 0.4.3 | NOTE | ||||
r-oldrel-windows-ix86+x86_64 | 0.4.3 | 18.00 | 194.00 | 212.00 | OK |
Version: 0.4.3
Check: package dependencies
Result: NOTE
Package suggested but not available for checking: ‘SingleCellExperiment’
Flavor: r-oldrel-macos-x86_64