Last updated on 2020-12-04 00:48:18 CET.
Flavor | Version | Tinstall | Tcheck | Ttotal | Status | Flags |
---|---|---|---|---|---|---|
r-devel-linux-x86_64-debian-clang | 1.3.0 | 8.76 | 39.21 | 47.97 | OK | |
r-devel-linux-x86_64-debian-gcc | 1.3.0 | 5.22 | 31.38 | 36.60 | OK | |
r-devel-linux-x86_64-fedora-clang | 1.3.0 | 63.30 | OK | |||
r-devel-linux-x86_64-fedora-gcc | 1.3.0 | 54.10 | OK | |||
r-devel-windows-ix86+x86_64 | 1.3.0 | 16.00 | 93.00 | 109.00 | NOTE | |
r-patched-linux-x86_64 | 1.3.0 | 6.59 | 37.61 | 44.20 | OK | |
r-patched-solaris-x86 | 1.3.0 | 71.70 | OK | |||
r-release-linux-x86_64 | 1.3.0 | 6.41 | 38.71 | 45.12 | OK | |
r-release-macos-x86_64 | 1.3.0 | ERROR | ||||
r-release-windows-ix86+x86_64 | 1.3.0 | 14.00 | 75.00 | 89.00 | NOTE | |
r-oldrel-macos-x86_64 | 1.3.0 | ERROR | ||||
r-oldrel-windows-ix86+x86_64 | 1.3.0 | 16.00 | 74.00 | 90.00 | NOTE |
Version: 1.3.0
Check: installed package size
Result: NOTE
installed size is 7.3Mb
sub-directories of 1Mb or more:
libs 6.7Mb
Flavors: r-devel-windows-ix86+x86_64, r-release-windows-ix86+x86_64, r-oldrel-windows-ix86+x86_64
Version: 1.3.0
Check: whether package can be installed
Result: ERROR
Installation failed.
Flavors: r-release-macos-x86_64, r-oldrel-macos-x86_64