CRAN Package Check Results for Package clogitboost

Last updated on 2020-12-04 00:48:18 CET.

Flavor Version Tinstall Tcheck Ttotal Status Flags
r-devel-linux-x86_64-debian-clang 1.1 18.02 43.20 61.22 OK
r-devel-linux-x86_64-debian-gcc 1.1 11.55 34.13 45.68 OK
r-devel-linux-x86_64-fedora-clang 1.1 84.01 NOTE
r-devel-linux-x86_64-fedora-gcc 1.1 69.69 NOTE
r-devel-windows-ix86+x86_64 1.1 44.00 119.00 163.00 OK
r-patched-linux-x86_64 1.1 15.33 41.90 57.23 OK
r-patched-solaris-x86 1.1 89.20 OK
r-release-linux-x86_64 1.1 14.45 41.91 56.36 OK
r-release-macos-x86_64 1.1 OK
r-release-windows-ix86+x86_64 1.1 33.00 118.00 151.00 OK
r-oldrel-macos-x86_64 1.1 OK
r-oldrel-windows-ix86+x86_64 1.1 32.00 107.00 139.00 OK

Check Details

Version: 1.1
Check: compiled code
Result: NOTE
    File ‘clogitboost/libs/clogitboost.so’:
     Found no calls to: ‘R_registerRoutines’, ‘R_useDynamicSymbols’
    
    It is good practice to register native routines and to disable symbol
    search.
    
    See ‘Writing portable packages’ in the ‘Writing R Extensions’ manual.
Flavors: r-devel-linux-x86_64-fedora-clang, r-devel-linux-x86_64-fedora-gcc