CRAN Package Check Results for Package climate

Last updated on 2020-12-04 00:48:18 CET.

Flavor Version Tinstall Tcheck Ttotal Status Flags
r-devel-linux-x86_64-debian-clang 0.9.8 5.23 50.10 55.33 WARN
r-devel-linux-x86_64-debian-gcc 0.9.8 5.51 42.03 47.54 OK
r-devel-linux-x86_64-fedora-clang 0.9.8 75.86 OK
r-devel-linux-x86_64-fedora-gcc 0.9.8 67.79 OK
r-devel-windows-ix86+x86_64 0.9.8 10.00 84.00 94.00 OK
r-patched-linux-x86_64 0.9.8 6.73 51.74 58.47 OK
r-patched-solaris-x86 0.9.8 90.30 OK
r-release-linux-x86_64 0.9.8 6.64 52.17 58.81 OK
r-release-macos-x86_64 0.9.8 OK
r-release-windows-ix86+x86_64 0.9.8 8.00 64.00 72.00 OK
r-oldrel-macos-x86_64 0.9.8 OK
r-oldrel-windows-ix86+x86_64 0.9.8 8.00 78.00 86.00 OK

Check Details

Version: 0.9.8
Check: re-building of vignette outputs
Result: WARN
    Error(s) in re-building vignettes:
     ...
    --- re-building 'getstarted.Rmd' using rmarkdown
    
     [13%] Downloaded 2633 bytes...
     [73%] Downloaded 14217 bytes...
     [88%] Downloaded 17113 bytes...
     [100%] Downloaded 19395 bytes...
    
     [20%] Downloaded 2633 bytes...
     [100%] Downloaded 13153 bytes...
    
     [1%] Downloaded 7756 bytes...
     [1%] Downloaded 8192 bytes...
     [2%] Downloaded 14236 bytes...
     [3%] Downloaded 22236 bytes...
     [3%] Downloaded 22428 bytes...
     [5%] Downloaded 30236 bytes...
     [5%] Downloaded 30620 bytes...
     [6%] Downloaded 38236 bytes...
     [6%] Downloaded 38812 bytes...
     [7%] Downloaded 43196 bytes...
     [8%] Downloaded 51196 bytes...
     [8%] Downloaded 51388 bytes...
     [10%] Downloaded 59196 bytes...
     [10%] Downloaded 59580 bytes...
     [11%] Downloaded 67196 bytes...
     [11%] Downloaded 67772 bytes...
     [12%] Downloaded 72156 bytes...
     [13%] Downloaded 80156 bytes...
     [13%] Downloaded 80348 bytes...
     [15%] Downloaded 88156 bytes...
     [15%] Downloaded 88540 bytes...
     [16%] Downloaded 96156 bytes...
     [16%] Downloaded 96732 bytes...
     [17%] Downloaded 101116 bytes...
     [18%] Downloaded 109116 bytes...
     [18%] Downloaded 109308 bytes...
     [20%] Downloaded 117116 bytes...
     [20%] Downloaded 117500 bytes...
     [21%] Downloaded 125116 bytes...
     [21%] Downloaded 125692 bytes...
     [22%] Downloaded 133116 bytes...
     [22%] Downloaded 133884 bytes...
     [24%] Downloaded 141116 bytes...
     [24%] Downloaded 142076 bytes...
     [25%] Downloaded 149116 bytes...
     [25%] Downloaded 150268 bytes...
     [26%] Downloaded 157116 bytes...
     [27%] Downloaded 158460 bytes...
     [28%] Downloaded 165116 bytes...
     [28%] Downloaded 166652 bytes...
     [29%] Downloaded 173116 bytes...
     [29%] Downloaded 174844 bytes...
     [30%] Downloaded 181116 bytes...
     [31%] Downloaded 183036 bytes...
     [32%] Downloaded 189116 bytes...
     [32%] Downloaded 191228 bytes...
     [33%] Downloaded 197116 bytes...
     [34%] Downloaded 199420 bytes...
     [35%] Downloaded 205116 bytes...
     [35%] Downloaded 207612 bytes...
     [36%] Downloaded 213116 bytes...
     [36%] Downloaded 215804 bytes...
     [37%] Downloaded 221116 bytes...
     [38%] Downloaded 223996 bytes...
     [39%] Downloaded 229116 bytes...
     [39%] Downloaded 232188 bytes...
     [40%] Downloaded 237116 bytes...
     [41%] Downloaded 240380 bytes...
     [41%] Downloaded 245116 bytes...
     [42%] Downloaded 248572 bytes...
     [43%] Downloaded 253116 bytes...
     [43%] Downloaded 256764 bytes...
     [44%] Downloaded 261116 bytes...
     [45%] Downloaded 264956 bytes...
     [45%] Downloaded 269116 bytes...
     [46%] Downloaded 273148 bytes...
     [47%] Downloaded 277116 bytes...
     [48%] Downloaded 281340 bytes...
     [48%] Downloaded 285116 bytes...
     [49%] Downloaded 289532 bytes...
     [50%] Downloaded 293116 bytes...
     [50%] Downloaded 297724 bytes...
     [51%] Downloaded 301116 bytes...
     [52%] Downloaded 305916 bytes...
     [52%] Downloaded 309116 bytes...
     [53%] Downloaded 314108 bytes...
     [54%] Downloaded 317116 bytes...
     [55%] Downloaded 322300 bytes...
     [55%] Downloaded 325116 bytes...
     [56%] Downloaded 330492 bytes...
     [56%] Downloaded 333116 bytes...
     [57%] Downloaded 338684 bytes...
     [58%] Downloaded 341116 bytes...
     [59%] Downloaded 346876 bytes...
     [59%] Downloaded 349116 bytes...
     [60%] Downloaded 355068 bytes...
     [61%] Downloaded 357116 bytes...
     [62%] Downloaded 363260 bytes...
     [62%] Downloaded 365116 bytes...
     [63%] Downloaded 371452 bytes...
     [63%] Downloaded 373116 bytes...
     [64%] Downloaded 379644 bytes...
     [65%] Downloaded 381116 bytes...
     [66%] Downloaded 387836 bytes...
     [66%] Downloaded 389116 bytes...
     [67%] Downloaded 396028 bytes...
     [67%] Downloaded 397116 bytes...
     [69%] Downloaded 404220 bytes...
     [69%] Downloaded 405116 bytes...
     [70%] Downloaded 412412 bytes...
     [70%] Downloaded 413116 bytes...
     [71%] Downloaded 420604 bytes...
     [71%] Downloaded 421116 bytes...
     [73%] Downloaded 428796 bytes...
     [73%] Downloaded 429116 bytes...
     [74%] Downloaded 436988 bytes...
     [74%] Downloaded 437116 bytes...
     [76%] Downloaded 445116 bytes...
     [76%] Downloaded 445180 bytes...
     [77%] Downloaded 453116 bytes...
     [77%] Downloaded 453372 bytes...
     [78%] Downloaded 461116 bytes...
     [78%] Downloaded 461564 bytes...
     [80%] Downloaded 469116 bytes...
     [80%] Downloaded 469756 bytes...
     [81%] Downloaded 477116 bytes...
     [81%] Downloaded 477948 bytes...
     [82%] Downloaded 485116 bytes...
     [83%] Downloaded 486140 bytes...
     [84%] Downloaded 493116 bytes...
     [84%] Downloaded 494332 bytes...
     [85%] Downloaded 501116 bytes...
     [85%] Downloaded 502524 bytes...
     [86%] Downloaded 509116 bytes...
     [87%] Downloaded 510716 bytes...
     [88%] Downloaded 517116 bytes...
     [88%] Downloaded 518908 bytes...
     [89%] Downloaded 525116 bytes...
     [90%] Downloaded 527100 bytes...
     [91%] Downloaded 533116 bytes...
     [91%] Downloaded 535292 bytes...
     [92%] Downloaded 541116 bytes...
     [92%] Downloaded 543484 bytes...
     [93%] Downloaded 549116 bytes...
     [94%] Downloaded 551676 bytes...
     [95%] Downloaded 557116 bytes...
     [95%] Downloaded 559868 bytes...
     [96%] Downloaded 565116 bytes...
     [97%] Downloaded 568060 bytes...
     [97%] Downloaded 573116 bytes...
     [98%] Downloaded 576252 bytes...
     [99%] Downloaded 581116 bytes...
     [99%] Downloaded 584444 bytes...
     [100%] Downloaded 585353 bytes...
    
     [100%] Downloaded 3337 bytes...
    
     [100%] Downloaded 1325 bytes...
    
     [100%] Downloaded 6681 bytes...
    
     [6%] Downloaded 14146 bytes...
     [14%] Downloaded 30466 bytes...
     [20%] Downloaded 43106 bytes...
     [27%] Downloaded 59426 bytes...
     [35%] Downloaded 75746 bytes...
     [36%] Downloaded 77858 bytes...
     [43%] Downloaded 94178 bytes...
     [51%] Downloaded 110498 bytes...
     [59%] Downloaded 126818 bytes...
     [66%] Downloaded 143138 bytes...
     [74%] Downloaded 159458 bytes...
     [81%] Downloaded 175778 bytes...
     [89%] Downloaded 192098 bytes...
     [97%] Downloaded 208418 bytes...
     [100%] Downloaded 214780 bytes...
    Quitting from lines 144-163 (getstarted.Rmd)
    Error: processing vignette 'getstarted.Rmd' failed with diagnostics:
    'names' attribute [60] must be the same length as the vector [2]
    --- failed re-building 'getstarted.Rmd'
    
    SUMMARY: processing the following file failed:
     'getstarted.Rmd'
    
    Error: Vignette re-building failed.
    Execution halted
Flavor: r-devel-linux-x86_64-debian-clang