CRAN Package Check Results for Package cld3

Last updated on 2020-12-04 00:48:18 CET.

Flavor Version Tinstall Tcheck Ttotal Status Flags
r-devel-linux-x86_64-debian-clang 1.3 70.08 26.46 96.54 OK
r-devel-linux-x86_64-debian-gcc 1.3 44.87 20.23 65.10 OK
r-devel-linux-x86_64-fedora-clang 1.3 153.54 NOTE
r-devel-linux-x86_64-fedora-gcc 1.3 116.56 NOTE
r-devel-windows-ix86+x86_64 1.3 173.00 71.00 244.00 OK
r-patched-linux-x86_64 1.3 55.09 25.34 80.43 OK
r-patched-solaris-x86 1.3 106.50 OK
r-release-linux-x86_64 1.3 55.09 25.74 80.83 OK
r-release-macos-x86_64 1.3 NOTE
r-release-windows-ix86+x86_64 1.3 132.00 57.00 189.00 OK
r-oldrel-macos-x86_64 1.3 NOTE
r-oldrel-windows-ix86+x86_64 1.3 145.00 65.00 210.00 OK

Additional issues

gcc-UBSAN

Check Details

Version: 1.3
Check: installed package size
Result: NOTE
     installed size is 5.9Mb
     sub-directories of 1Mb or more:
     libs 5.8Mb
Flavors: r-devel-linux-x86_64-fedora-clang, r-release-macos-x86_64, r-oldrel-macos-x86_64

Version: 1.3
Check: top-level files
Result: NOTE
    ‘configure’: ‘env bash’ is not portable as bash need not be installed
Flavors: r-devel-linux-x86_64-fedora-clang, r-devel-linux-x86_64-fedora-gcc