CRAN Package Check Results for Package classifierplots

Last updated on 2020-12-04 00:48:18 CET.

Flavor Version Tinstall Tcheck Ttotal Status Flags
r-devel-linux-x86_64-debian-clang 1.4.0 14.32 112.10 126.42 OK
r-devel-linux-x86_64-debian-gcc 1.4.0 11.92 82.02 93.94 OK
r-devel-linux-x86_64-fedora-clang 1.4.0 155.80 NOTE
r-devel-linux-x86_64-fedora-gcc 1.4.0 144.01 NOTE
r-devel-windows-ix86+x86_64 1.4.0 31.00 129.00 160.00 OK
r-patched-linux-x86_64 1.4.0 13.99 100.57 114.56 OK
r-patched-solaris-x86 1.4.0 210.60 NOTE
r-release-linux-x86_64 1.4.0 14.71 101.90 116.61 OK
r-release-macos-x86_64 1.4.0 NOTE
r-release-windows-ix86+x86_64 1.4.0 27.00 101.00 128.00 OK
r-oldrel-macos-x86_64 1.4.0 NOTE
r-oldrel-windows-ix86+x86_64 1.4.0 27.00 122.00 149.00 OK

Check Details

Version: 1.4.0
Check: dependencies in R code
Result: NOTE
    Namespace in Imports field not imported from: ‘Rcpp’
     All declared Imports should be used.
Flavors: r-devel-linux-x86_64-fedora-clang, r-devel-linux-x86_64-fedora-gcc, r-patched-solaris-x86, r-release-macos-x86_64, r-oldrel-macos-x86_64