CRAN Package Check Results for Package chess

Last updated on 2020-12-04 00:48:18 CET.

Flavor Version Tinstall Tcheck Ttotal Status Flags
r-devel-linux-x86_64-debian-clang 1.0.0 7.18 72.48 79.66 OK
r-devel-linux-x86_64-debian-gcc 1.0.0 5.65 57.25 62.90 OK
r-devel-linux-x86_64-fedora-clang 1.0.0 104.80 OK
r-devel-linux-x86_64-fedora-gcc 1.0.0 96.66 OK
r-devel-windows-ix86+x86_64 1.0.0 15.00 92.00 107.00 OK
r-patched-linux-x86_64 1.0.0 7.08 68.94 76.02 OK
r-patched-solaris-x86 1.0.0 130.80 NOTE
r-release-linux-x86_64 1.0.0 6.38 69.04 75.42 OK
r-release-macos-x86_64 1.0.0 OK
r-release-windows-ix86+x86_64 1.0.0 11.00 70.00 81.00 OK
r-oldrel-macos-x86_64 1.0.0 OK
r-oldrel-windows-ix86+x86_64 1.0.0 10.00 70.00 80.00 OK

Check Details

Version: 1.0.0
Check: package dependencies
Result: NOTE
    Package suggested but not available for checking: ‘rsvg’
Flavor: r-patched-solaris-x86