Last updated on 2020-12-04 00:48:18 CET.
Flavor | Version | Tinstall | Tcheck | Ttotal | Status | Flags |
---|---|---|---|---|---|---|
r-devel-linux-x86_64-debian-clang | 1.1.0 | 12.01 | 88.14 | 100.15 | OK | |
r-devel-linux-x86_64-debian-gcc | 1.1.0 | 9.64 | 70.59 | 80.23 | OK | |
r-devel-linux-x86_64-fedora-clang | 1.1.0 | 128.49 | OK | |||
r-devel-linux-x86_64-fedora-gcc | 1.1.0 | 119.85 | OK | |||
r-devel-windows-ix86+x86_64 | 1.1.0 | 22.00 | 106.00 | 128.00 | OK | |
r-patched-linux-x86_64 | 1.1.0 | 12.12 | 82.90 | 95.02 | OK | |
r-release-linux-x86_64 | 1.1.0 | 11.62 | 82.94 | 94.56 | OK | |
r-release-macos-x86_64 | 1.1.0 | OK | ||||
r-release-windows-ix86+x86_64 | 1.1.0 | 18.00 | 106.00 | 124.00 | OK | |
r-oldrel-macos-x86_64 | 1.1.0 | WARN | ||||
r-oldrel-windows-ix86+x86_64 | 1.1.0 | 11.00 | 7.00 | 18.00 | ERROR |
Version: 1.1.0
Check: whether package can be installed
Result: WARN
Found the following significant warnings:
Warning: 'rgl.init' failed, running with 'rgl.useNULL = TRUE'.
Flavor: r-oldrel-macos-x86_64
Version: 1.1.0
Check: whether package can be installed
Result: ERROR
Installation failed.
Flavor: r-oldrel-windows-ix86+x86_64