Last updated on 2020-12-04 00:48:18 CET.
Flavor | Version | Tinstall | Tcheck | Ttotal | Status | Flags |
---|---|---|---|---|---|---|
r-devel-linux-x86_64-debian-clang | 1.0-3 | 43.24 | 214.81 | 258.05 | OK | |
r-devel-linux-x86_64-debian-gcc | 1.0-3 | 34.32 | 158.88 | 193.20 | OK | |
r-devel-linux-x86_64-fedora-clang | 1.0-3 | 323.75 | NOTE | |||
r-devel-linux-x86_64-fedora-gcc | 1.0-3 | 305.31 | NOTE | |||
r-devel-windows-ix86+x86_64 | 1.0-3 | 73.00 | 275.00 | 348.00 | OK | |
r-patched-linux-x86_64 | 1.0-3 | 27.69 | 197.21 | 224.90 | OK | |
r-patched-solaris-x86 | 1.0-3 | 393.40 | NOTE | |||
r-release-linux-x86_64 | 1.0-3 | 26.41 | 195.76 | 222.17 | OK | |
r-release-macos-x86_64 | 1.0-3 | NOTE | ||||
r-release-windows-ix86+x86_64 | 1.0-3 | 52.00 | 197.00 | 249.00 | OK | |
r-oldrel-macos-x86_64 | 1.0-3 | NOTE | ||||
r-oldrel-windows-ix86+x86_64 | 1.0-3 | 61.00 | 254.00 | 315.00 | OK |
Version: 1.0-3
Check: dependencies in R code
Result: NOTE
Namespace in Imports field not imported from: ‘grDevices’
All declared Imports should be used.
Flavors: r-devel-linux-x86_64-fedora-clang, r-devel-linux-x86_64-fedora-gcc, r-patched-solaris-x86, r-release-macos-x86_64, r-oldrel-macos-x86_64