CRAN Package Check Results for Package ceg

Last updated on 2020-12-04 00:48:18 CET.

Flavor Version Tinstall Tcheck Ttotal Status Flags
r-devel-linux-x86_64-debian-clang 0.1.0 7.58 55.31 62.89 NOTE
r-devel-linux-x86_64-debian-gcc 0.1.0 6.41 44.27 50.68 NOTE
r-devel-linux-x86_64-fedora-clang 0.1.0 82.20 NOTE
r-devel-linux-x86_64-fedora-gcc 0.1.0 72.91 NOTE
r-devel-windows-ix86+x86_64 0.1.0 16.00 75.00 91.00 OK
r-patched-linux-x86_64 0.1.0 7.03 52.39 59.42 NOTE
r-patched-solaris-x86 0.1.0 103.90 NOTE
r-release-linux-x86_64 0.1.0 8.05 52.31 60.36 NOTE
r-release-macos-x86_64 0.1.0 OK
r-release-windows-ix86+x86_64 0.1.0 13.00 56.00 69.00 OK
r-oldrel-macos-x86_64 0.1.0 OK
r-oldrel-windows-ix86+x86_64 0.1.0 11.00 75.00 86.00 OK

Check Details

Version: 0.1.0
Check: for non-standard things in the check directory
Result: NOTE
    Found the following files/directories:
     'figure01ceg.pdf' 'figure02ceg.pdf' 'staged.tree.graph.pdf'
     'stratified-event-tree-plot.pdf'
Flavors: r-devel-linux-x86_64-debian-clang, r-devel-linux-x86_64-debian-gcc, r-devel-linux-x86_64-fedora-clang, r-devel-linux-x86_64-fedora-gcc, r-patched-linux-x86_64, r-patched-solaris-x86, r-release-linux-x86_64