CRAN Package Check Results for Package cec2013

Last updated on 2020-12-04 00:48:18 CET.

Flavor Version Tinstall Tcheck Ttotal Status Flags
r-devel-linux-x86_64-debian-clang 0.1-5 6.14 19.12 25.26 OK
r-devel-linux-x86_64-debian-gcc 0.1-5 3.41 16.83 20.24 OK
r-devel-linux-x86_64-fedora-clang 0.1-5 37.21 NOTE
r-devel-linux-x86_64-fedora-gcc 0.1-5 25.81 NOTE
r-devel-windows-ix86+x86_64 0.1-5 13.00 36.00 49.00 NOTE
r-patched-linux-x86_64 0.1-5 4.12 19.20 23.32 OK
r-patched-solaris-x86 0.1-5 43.60 NOTE
r-release-linux-x86_64 0.1-5 3.77 19.77 23.54 OK
r-release-macos-x86_64 0.1-5 NOTE
r-release-windows-ix86+x86_64 0.1-5 11.00 27.00 38.00 NOTE
r-oldrel-macos-x86_64 0.1-5 NOTE
r-oldrel-windows-ix86+x86_64 0.1-5 12.00 46.00 58.00 NOTE

Check Details

Version: 0.1-5
Check: installed package size
Result: NOTE
     installed size is 9.5Mb
     sub-directories of 1Mb or more:
     extdata 9.3Mb
Flavors: r-devel-linux-x86_64-fedora-clang, r-devel-windows-ix86+x86_64, r-patched-solaris-x86, r-release-macos-x86_64, r-release-windows-ix86+x86_64, r-oldrel-macos-x86_64, r-oldrel-windows-ix86+x86_64

Version: 0.1-5
Check: compiled code
Result: NOTE
    File ‘cec2013/libs/cec2013.so’:
     Found no calls to: ‘R_registerRoutines’, ‘R_useDynamicSymbols’
    
    It is good practice to register native routines and to disable symbol
    search.
    
    See ‘Writing portable packages’ in the ‘Writing R Extensions’ manual.
Flavors: r-devel-linux-x86_64-fedora-clang, r-devel-linux-x86_64-fedora-gcc