CRAN Package Check Results for Package ccdrAlgorithm

Last updated on 2020-12-04 00:48:18 CET.

Flavor Version Tinstall Tcheck Ttotal Status Flags
r-devel-linux-x86_64-debian-clang 0.0.5 22.16 42.19 64.35 OK
r-devel-linux-x86_64-debian-gcc 0.0.5 17.35 34.12 51.47 OK
r-devel-linux-x86_64-fedora-clang 0.0.5 92.95 OK
r-devel-linux-x86_64-fedora-gcc 0.0.5 81.19 OK
r-devel-windows-ix86+x86_64 0.0.5 53.00 98.00 151.00 OK
r-patched-linux-x86_64 0.0.5 19.57 42.23 61.80 OK
r-patched-solaris-x86 0.0.5 97.20 OK
r-release-linux-x86_64 0.0.5 21.11 41.77 62.88 OK
r-release-macos-x86_64 0.0.5 OK
r-release-windows-ix86+x86_64 0.0.5 37.00 77.00 114.00 OK
r-oldrel-macos-x86_64 0.0.5 NOTE
r-oldrel-windows-ix86+x86_64 0.0.5 42.00 88.00 130.00 OK

Check Details

Version: 0.0.5
Check: package dependencies
Result: NOTE
    Package suggested but not available for checking: ‘graph’
Flavor: r-oldrel-macos-x86_64